{"id":10299,"date":"2024-04-10T14:37:34","date_gmt":"2024-04-10T12:37:34","guid":{"rendered":"https:\/\/165.22.68.75\/?post_type=product&#038;p=10299"},"modified":"2026-01-13T17:41:44","modified_gmt":"2026-01-13T16:41:44","slug":"capackzo-alma-de-cafe-gourmet","status":"publish","type":"product","link":"https:\/\/ruralourbano.com\/gl\/producto\/capackzo-alma-de-cafe-gourmet\/","title":{"rendered":"Capackzo Alma de Caf\u00e9 Gourmet"},"content":{"rendered":"<p><strong>Descrici\u00f3n:<\/strong><\/p>\n<p>O <strong>Capackzo Alma de Caf\u00e9 Gourmet<\/strong>\u00a0\u00e9 un pack de\u00a0<strong>produto gourmet<\/strong>\u00a0envasado nun capazo de palma formado por:<\/p>\n<ul>\n<li><a href=\"https:\/\/ruralourbano.com\/gl\/producto\/crema-de-cafe-el-riba\/\"><strong>1 Crema de caf\u00e9 El Riba<\/strong><\/a><\/li>\n<li><a href=\"https:\/\/ruralourbano.com\/gl\/producto\/licor-de-cafe-el-riba\/\"><strong>1 Licor de caf\u00e9 El Riba<\/strong><\/a><\/li>\n<li><a href=\"https:\/\/ruralourbano.com\/gl\/producto\/capazo-de-palma\/\"><strong>1 Capazo de palma<\/strong><\/a><\/li>\n<\/ul>\n<p><strong>Informaci\u00f3n importante:<\/strong><\/p>\n<ul>\n<li>Servir a<strong> crema de caf\u00e9<\/strong> e o <strong>licor de caf\u00e9<\/strong> entre 2 \u00b0C e 6 \u00b0C.<\/li>\n<li>Ideal servir con 2-3 pedras de xeo.<\/li>\n<\/ul>\n","protected":false},"excerpt":{"rendered":"<p>O noso <strong>Capackzo Alma de Caf\u00e9 Gourmet<\/strong> \u00e9 un <strong>pack gourmet<\/strong> de <strong>Lugo<\/strong>.<\/p>\n<p>O <strong>Capackzo Alma de Caf\u00e9 Gourmet<\/strong> combina \u00e1 perfecci\u00f3n a intensidade do l<strong>icor caf\u00e9 artesanal<\/strong> coa suavidade da <strong>crema de caf\u00e9<\/strong>, creando unha experiencia \u00fanica para os amantes do bo caf\u00e9 e os licores premium.<\/p>\n<p>Ideal para gozar despois dunha comida, en sobremesas especiais ou para regalar a algu\u00e9n que aprecia os sabores aut\u00e9nticos de <strong>Lugo<\/strong>.<\/p>\n<p><strong>Perfecto para os amantes do caf\u00e9 e os bos momentos.<\/strong><\/p>\n<p>Encarga o teu <strong>Capackzo Alma de Caf\u00e9 Gourmet<\/strong><strong>\u00a0<\/strong>se est\u00e1s a realizar o\u00a0<strong>Cami\u00f1o de Santiago<\/strong>.<\/p>\n<p>O <strong>Capackzo Alma de Caf\u00e9 Gourmet<\/strong>\u00a0\u00e9 unha orixinal proposta de\u00a0<strong>gastronom\u00eda do Cami\u00f1o de Santiago Franc\u00e9s<\/strong>. Se es peregrino entreg\u00e1moscho en man en calquera localizaci\u00f3n da etapa entre Sarria e Portomarin para que o poidas gozar a modo de\u00a0<strong>picnic<\/strong>.<\/p>\n<p>Co <strong>Capackzo Alma de Caf\u00e9 Gourmet<\/strong> recibir\u00e1s:<\/p>\n<ul>\n<li><a href=\"https:\/\/ruralourbano.com\/gl\/producto\/crema-de-cafe-el-riba\/\"><strong>1 Crema de caf\u00e9 El Riba<\/strong><\/a><\/li>\n<li><a href=\"https:\/\/ruralourbano.com\/gl\/producto\/licor-de-cafe-el-riba\/\"><strong>1 Licor de caf\u00e9 El Riba<\/strong><\/a><\/li>\n<li><a href=\"https:\/\/ruralourbano.com\/gl\/producto\/capazo-de-palma\/\"><strong>1 Capazo de palma<\/strong><\/a><\/li>\n<\/ul>\n<p>Os nosos <a href=\"https:\/\/ruralourbano.com\/gl\/cat\/capackzos-rural-o-urbano\/\"><strong>Capackzos Rural o Urbano<\/strong><\/a> son a opci\u00f3n ideal se desexas realizar un agasallo de agradecemento ou ben obsequiar cun pequeno presente a algu\u00e9n que aprecias dun modo exclusivo e orixinal.<\/p>\n<p><strong>Env\u00edos s\u00f3 a pen\u00ednsula | Merca produto gourmet galego seleccionado e lifestyle exclusivo<\/strong><\/p>\n","protected":false},"featured_media":11538,"comment_status":"open","ping_status":"closed","template":"","meta":{"inline_featured_image":false},"product_brand":[],"product_cat":[200,168,743],"product_tag":[525,943,632,1088,773,1105],"class_list":{"0":"post-10299","1":"product","2":"type-product","3":"status-publish","4":"has-post-thumbnail","6":"product_cat-adega","7":"product_cat-capackzos-rural-o-urbano","8":"product_cat-empresa-gl","9":"product_tag-capackzos-rural-o-urbano-gl","10":"product_tag-crema-de-cafe-gl","11":"product_tag-gourmet-gl","12":"product_tag-licor-de-cafe-artesanal-gl","13":"product_tag-lugo-gl","14":"product_tag-producto-gourmet-gallego-gl","16":"first","17":"instock","18":"taxable","19":"shipping-taxable","20":"purchasable","21":"product-type-simple"},"jetpack_sharing_enabled":true,"_links":{"self":[{"href":"https:\/\/ruralourbano.com\/gl\/wp-json\/wp\/v2\/product\/10299","targetHints":{"allow":["GET"]}}],"collection":[{"href":"https:\/\/ruralourbano.com\/gl\/wp-json\/wp\/v2\/product"}],"about":[{"href":"https:\/\/ruralourbano.com\/gl\/wp-json\/wp\/v2\/types\/product"}],"replies":[{"embeddable":true,"href":"https:\/\/ruralourbano.com\/gl\/wp-json\/wp\/v2\/comments?post=10299"}],"wp:featuredmedia":[{"embeddable":true,"href":"https:\/\/ruralourbano.com\/gl\/wp-json\/wp\/v2\/media\/11538"}],"wp:attachment":[{"href":"https:\/\/ruralourbano.com\/gl\/wp-json\/wp\/v2\/media?parent=10299"}],"wp:term":[{"taxonomy":"product_brand","embeddable":true,"href":"https:\/\/ruralourbano.com\/gl\/wp-json\/wp\/v2\/product_brand?post=10299"},{"taxonomy":"product_cat","embeddable":true,"href":"https:\/\/ruralourbano.com\/gl\/wp-json\/wp\/v2\/product_cat?post=10299"},{"taxonomy":"product_tag","embeddable":true,"href":"https:\/\/ruralourbano.com\/gl\/wp-json\/wp\/v2\/product_tag?post=10299"}],"curies":[{"name":"wp","href":"https:\/\/api.w.org\/{rel}","templated":true}]}}

Capackzo Alma de Café Gourmet

<p><strong>Descrición:</strong></p>
<p>O <strong>Capackzo Alma de Café Gourmet</strong> é un pack de <strong>produto gourmet</strong> envasado nun capazo de palma formado por:</p>
<ul>
<li><a href="https://ruralourbano.com/gl/producto/crema-de-cafe-el-riba/"><strong>1 Crema de café El Riba</strong></a></li>
<li><a href="https://ruralourbano.com/gl/producto/licor-de-cafe-el-riba/"><strong>1 Licor de café El Riba</strong></a></li>
<li><a href="https://ruralourbano.com/gl/producto/capazo-de-palma/"><strong>1 Capazo de palma</strong></a></li>
</ul>
<p><strong>Información importante:</strong></p>
<ul>
<li>Servir a<strong> crema de café</strong> e o <strong>licor de café</strong> entre 2 °C e 6 °C.</li>
<li>Ideal servir con 2-3 pedras de xeo.</li>
</ul>

<p>O noso <strong>Capackzo Alma de Café Gourmet</strong> é un <strong>pack gourmet</strong> de <strong>Lugo</strong>.</p>
<p>O <strong>Capackzo Alma de Café Gourmet</strong> combina á perfección a intensidade do l<strong>icor café artesanal</strong> coa suavidade da <strong>crema de café</strong>, creando unha experiencia única para os amantes do bo café e os licores premium.</p>
<p>Ideal para gozar despois dunha comida, en sobremesas especiais ou para regalar a alguén que aprecia os sabores auténticos de <strong>Lugo</strong>.</p>
<p><strong>Perfecto para os amantes do café e os bos momentos.</strong></p>
<p>Encarga o teu <strong>Capackzo Alma de Café Gourmet</strong><strong> </strong>se estás a realizar o <strong>Camiño de Santiago</strong>.</p>
<p>O <strong>Capackzo Alma de Café Gourmet</strong> é unha orixinal proposta de <strong>gastronomía do Camiño de Santiago Francés</strong>. Se es peregrino entregámoscho en man en calquera localización da etapa entre Sarria e Portomarin para que o poidas gozar a modo de <strong>picnic</strong>.</p>
<p>Co <strong>Capackzo Alma de Café Gourmet</strong> recibirás:</p>
<ul>
<li><a href="https://ruralourbano.com/gl/producto/crema-de-cafe-el-riba/"><strong>1 Crema de café El Riba</strong></a></li>
<li><a href="https://ruralourbano.com/gl/producto/licor-de-cafe-el-riba/"><strong>1 Licor de café El Riba</strong></a></li>
<li><a href="https://ruralourbano.com/gl/producto/capazo-de-palma/"><strong>1 Capazo de palma</strong></a></li>
</ul>
<p>Os nosos <a href="https://ruralourbano.com/gl/cat/capackzos-rural-o-urbano/"><strong>Capackzos Rural o Urbano</strong></a> son a opción ideal se desexas realizar un agasallo de agradecemento ou ben obsequiar cun pequeno presente a alguén que aprecias dun modo exclusivo e orixinal.</p>
<p><strong>Envíos só a península | Merca produto gourmet galego seleccionado e lifestyle exclusivo</strong></p>
